 = 2*w - r*q - 13. What are the prime factors of w?
2
Suppose -62 + 6 = 2*p. Let v = -14 - p. List the prime factors of v.
2, 7
Suppose -t = 5*s - 100, -t + 82 = -0*t - s. What are the prime factors of t?
5, 17
Let b(p) be the second derivative of 0*p**4 + 1/2*p**3 + 1/20*p**5 - p**2 + 0 - 2*p. What are the prime factors of b(2)?
2, 3
Let u = -1 - -3. Suppose 0 = -3*w + 2*w + u. List the prime factors of w.
2
Let m(b) = b**3 + 13*b**2 + 13*b + 16. Let p be m(-12). Suppose -4*v - p*j = 1 - 117, 2*j - 122 = -4*v. What are the prime factors of v/5 + (-2)/5?
2, 3
Let r(d) = -d**2 - 5*d - 4. Let i be r(-3). Suppose 1 = -i*x + 9. What are the prime factors of x?
2
Let h = 240 + -154. Suppose 0 = 3*m - 0*m - 4*r - h, m - 37 = 3*r. List the prime factors of m.
2, 11
Suppose 0*v + 446 = 5*v - 3*p, -3*v - 4*p + 285 = 0. Suppose -5*n + v - 21 = 0. What are the prime factors of n?
2, 7
Let i = 714 + -1219. Let y be 1/(-2) - (-126)/(-12). What are the prime factors of 2/y - i/55?
3
Suppose -68 = 5*p + 97. Let q = -98 + 146. Let x = p + q. List the prime factors of x.
3, 5
Suppose l = -l + 2. Suppose 2*w - l - 3 = 0. Suppose -9 = -i + w. What are the prime factors of i?
11
Let u = 6 + 113. List the prime factors of u.
7, 17
Let g be (3 - 3) + 0 - 0. Suppose -4*p + 22 = -3*z - 6, -z = g. Suppose -5*x + 10 = 0, -x = -5*s + 3*x + p. What are the prime factors of s?
3
Let r(n) = 6*n**2 - 2. What are the prime factors of r(2)?
2, 11
Suppose -7*z = -2*z + 80. Let p = -19 - -15. Let c = p - z. List the prime factors of c.
2, 3
Let d be ((-2)/4)/((-10)/1900). Suppose 2*u = 2, 3*n - n + 5*u - d = 0. What are the prime factors of n?
3, 5
Suppose -p - 5*c - 15 = 0, 2*p = p - 3*c - 7. Let t = 48 + -48. Suppose 4*u - 55 = 5*r, 0*u - 2*u + p*r + 25 = t. What are the prime factors of u?
3, 5
Let u = -3 - -6. Suppose -u*j = -2*j - 1. What are the prime factors of (-65)/(-6) - j/(-6)?
11
Let n(t) = 60*t - 91. What are the prime factors of n(8)?
389
Suppose -31 - 49 = -2*u. List the prime factors of u.
2, 5
Suppose -4*u + 10 = -0*z + 3*z, 4*z + 20 = 3*u. Let v = 7 + z. What are the prime factors of v?
5
Let n = -11 + 7. List the prime factors of (8/(-12))/(n/102).
17
Suppose -2*h + 84 = 3*g, 63 = 3*g - h - 4*h. List the prime factors of g.
2, 13
Let r(i) = 3*i + 29. List the prime factors of r(0).
29
Let s(w) = 2*w - w**2 + 2 - 2*w + w + w**3. Let b be s(0). List the prime factors of -24*b/(-8)*2.
2, 3
Let k(u) = u**3 + 6*u**2 + 7. Suppose 6*j - 2*j = -24. Let a be k(j). Let q = a + 1. List the prime factors of q.
2
Let z(k) = -k**3 + k**2 + 2*k - 1. Let n be z(2). Let d be ((-18)/(-5))/(36/(-120)). What are the prime factors of d/(-2) - (n - -1)?
2, 3
Suppose 4*x + 188 = 884. Suppose 0 = -4*g + x + 38. List the prime factors of g.
53
Let u(q) = 8*q**2 + 3*q - 3. What are the prime factors of u(1)?
2
Let a = 77 - -12. What are the prime factors of a?
89
Suppose 5*f + 136 = 13*f. What are the prime factors of f?
17
Let r(n) = 2*n + 2. Let w be r(1). Suppose 5*y + 4*x = 81 + 19, -2*y - w*x + 40 = 0. List the prime factors of y.
2, 5
Suppose 15 - 7 = 4*i. Suppose 0 = -4*t - 2*j + 132, -2*j - i*j = 0. What are the prime factors of t?
3, 11
Let b(y) = y**3 - 9*y**2 + 8*y - 4. Let x be b(9). Suppose 5*k - 82 = -4*p, 0 = -4*p + 2*k - 0*k + x. List the prime factors of p.
2, 3
Let a(z) = 23*z**2 - 7*z - 3. List the prime factors of a(-2).
103
Suppose -2*j + 4*j - 134 = -2*l, 4*l + 5*j - 272 = 0. List the prime factors of l.
3, 7
Suppose -2*l = l - j - 173, 0 = l + 2*j - 53. Suppose 2*q = 5*c - l, 0 = 3*c - 5*q - 26 + 7. What are the prime factors of c?
13
Suppose -9*q - 2040 = -15*q. What are the prime factors of q?
2, 5, 17
Suppose 0*y - 3*y - 3*s = -102, -5*y + 146 = -3*s. Suppose 4*r + 3 = y. What are the prime factors of r?
7
Let u(v) = v**3 + 6*v**2 + 2*v - 5. Let r be u(-5). Let b = 14 - r. Let x = b - -1. What are the prime factors of x?
5
Suppose 1 = t + 2. What are the prime factors of 5 - 2 - (t - 1)?
5
Let p = 636 + -264. List the prime factors of p.
2, 3, 31
Suppose 0 = -9*j - 75 + 912. List the prime factors of j.
3, 31
Suppose -31*g + 37*g - 252 = 0. What are the prime factors of g?
2, 3, 7
Suppose -b = -w - 1, -25 = -2*b - 3*b + w. What are the prime factors of (-272)/(-12) - (-2)/b?
23
Let h be -2 + 60 - 1 - 1. Suppose -3*i + 149 = h. What are the prime factors of i?
31
Let m be 4/3*(-6)/(-4). Let g = m + -4. What are the prime factors of g/8 + 90/8?
11
Let w be 2/(-9) - 58/(-18). Let g be ((-1)/w)/((-2)/12). Suppose 8 = l - 2*k, 0 = -g*k + 2. What are the prime factors of l?
2, 5
Suppose -2*q + 184 = 2*q. Suppose 12 = 2*h - 4*x, q = 4*h + h - 2*x. What are the prime factors of h?
2, 5
Suppose -v + 9 - 1 = 0. What are the prime factors of v?
2
Suppose 5*k - 93 + 8 = 0. Suppose -5*u + k = -53. What are the prime factors of u?
2, 7
Suppose -7*d = -68 - 163. List the prime factors of d.
3, 11
Let a(q) = -q**3 + q + 4. Let n be a(0). Suppose 2*x + p + 9 = 41, 0 = -n*x + 3*p + 74. List the prime factors of x.
17
Let a = 184 - 75. What are the prime factors of a?
109
Let m be 1/(2 - (-18)/(-10)). Let s(b) = 5*b + 2. List the prime factors of s(m).
3
Suppose -2*s + w + 25 = -2*w, -55 = -5*s + 5*w. What are the prime factors of s?
2
Suppose 3*o - 5*x = 4*o - 46, -o + x = -70. List the prime factors of o.
2, 3, 11
Let z(l) = -5*l - 1. Let t be z(3). Let y = -5 - t. List the prime factors of y.
11
Suppose 66 = 4*v - 454. List the prime factors of v.
2, 5, 13
Suppose 0*k - k - 42 = 5*c, -15 = c - 2*k. Let l(g) = -g**2 - 11*g + 11. What are the prime factors of l(c)?
29
Let p(c) = 2*c**3 - 4*c**2 + c + 2. Let a be p(2). Suppose a*r - 5*r = 1. Let v = 4 + r. List the prime factors of v.
3
Let b = 14 - 12. Suppose -b*n = 3*n - 125. List the prime factors of n.
5
Let n(a) = a**2 - 11*a - 54. What are the prime factors of n(-10)?
2, 3, 13
Let h = 0 + -1. Let m be 0/(1 + (-3 - h)). Suppose -3*a + m*y + 13 = y, 5*a - 3 = 3*y. What are the prime factors of a?
3
What are the prime factors of (-6 - -7)*(1 - -7)?
2
Let i(f) = 5*f + 4*f - f**2 + 4 + 3*f. What are the prime factors of i(12)?
2
Let o(z) = -z + 13*z**2 + 8*z**2 + 2*z**2. What are the prime factors of o(-1)?
2, 3
List the prime factors of (-426)/(2 - 9 - -5).
3, 71
Let q(t) = t + 14. What are the prime factors of q(-11)?
3
Let j(y) = 2*y**2 - 2*y - 2. Suppose 4 = -6*p + 4*p. Let a be (-20)/(-15) + p/(-3). List the prime factors of j(a).
2
Suppose -9*g = -10*g + 47. List the prime factors of g.
47
Let j = 5 + 0. Suppose j*w = 4*v + 56 + 84, -w = v - 19. What are the prime factors of w?
2, 3
Suppose -12*u - 285 = -13*u. List the prime factors of u.
3, 5, 19
Let c(q) = -1 - 2*q**2 + 0*q + q**2 - 2*q. Let z be c(-2). What are the prime factors of 0 - ((-2)/z + -7)?
5
Let g(r) be the first derivative of r**4/4 + 5*r**3/3 - 4*r**2 - 6*r - 4. List the prime factors of g(-6).
2, 3
Let w(m) = 2*m**2 - 9*m - 1. Let q be w(8). Let o = 84 - q. List the prime factors of o.
29
Suppose -n - 2*n + 24 = 0. List the prime factors of n.
2
Suppose -6*f = -4*s - 2*f + 716, -2*s + 358 = 3*f. What are the prime factors of s?
179
Suppose 0*a - 2*i = -3*a + 8, -a - 3 = 5*i. Let m be (a*-1 - 0) + 6. Suppose 0 = 4*s + 2*o - 50, -5*s - 2*o + m*o + 58 = 0. List the prime factors of s.
2, 3
Let y(n) = n**2 - 2*n + 3. Let j be y(-5). What are the prime factors of 4/(-6) + j/3?
2, 3
Suppose -7 = k - l, -4*l - 20 = -0*l. List the prime factors of (1 - 9)/(6/k).
2
Let u(z) = -z**2 - 5*z + 1. Let r be u(-5). Let s be (114/12)/(r/2). Suppose 3*b = 4*f + 3 + s, -5*f = 5. List the prime factors of b.
2, 3
Let l(n) = 2*n**2 + 2*n. Let d be l(2). Suppose -2*s - 4 = 2*h - 36, 0 = -4*s + d. What are the prime factors of h?
13
Let i = -5 + 5. Let l(z) = z**2 + 35. Let h be l(i). Suppose -h = -k - 4*k. List the prime factors of k.
7
Suppose -3*b - t + 1 = -15, -5*b + 4*t + 55 = 0. Let d(o) = 2*o + 2. What are the prime factors of d(b)?
2
Let d(t) = 8*t**2 + 3*t - 4. Let j be d(3). Let a = j - 45. What are the prime factors of a?
2
Suppose -495 = -2*c - 107. What are the prime factors of c?
2, 97
Let s be ((-4)/(-6))/(2/9). Suppose b - s*w = -4*w + 28, 4*b + 2*w = 112. What are the prime factors of b?
2, 7
Let y be ((-9)/2 - -3)*-2. Suppose -o = -2*g - 0*g + 43, 3*g